-43*c**2 + 84*c + 8. What is g(2)?
4
Let i(y) = -1559*y - 6251. Give i(-4).
-15
Let i(s) = -279*s + 788. Give i(3).
-49
Let f(j) = 141*j + 18610. Determine f(-132).
-2
Let d(o) = -20*o**2 + 1140*o + 69. What is d(57)?
69
Let p(x) = 34*x - 286. What is p(8)?
-14
Let h(y) = y**3 + 40*y**2 - 87*y - 121. Determine h(-42).
5
Let y(v) = 242*v - 988. What is y(4)?
-20
Let r(b) = -b**2 + 119*b - 595. Determine r(5).
-25
Let w(r) = -4*r + 336. Calculate w(60).
96
Let p(k) = 1054*k - 4193. Give p(4).
23
Let m(r) = -r**2 + 14*r + 131. What is m(25)?
-144
Let a(v) = -v**3 - 54*v**2 - 671*v - 170. Give a(-35).
40
Let h(m) = 5*m**2 + 488*m - 188. Calculate h(-98).
8
Let u(y) = 2*y**2 - 4*y - 69. Give u(14).
267
Let g(n) = -28*n + 350. Determine g(12).
14
Let f(n) = -88*n + 5375. Give f(61).
7
Let p(u) = -u**2 + 39*u - 7. Determine p(22).
367
Let n(s) = -32*s - 118. Determine n(-2).
-54
Let u(g) = 27*g + 1334. Give u(-52).
-70
Let u(y) = -11*y**2 - 7*y - 7. Calculate u(-1).
-11
Let j(s) = -28*s**2 - 40*s. Calculate j(-1).
12
Let r(f) = f**3 - 108*f**2 + 416*f. What is r(104)?
0
Let p(k) = -2*k**2 + 56*k + 2711. What is p(54)?
-97
Let c(u) = 5*u**3 - 38*u**2 - 106*u + 713. Give c(8).
-7
Let v(d) = 8*d**2 - 145*d - 1401. Calculate v(-7).
6
Let a(d) = 6*d**2 + 156*d - 338. Calculate a(-28).
-2
Let t(r) = 8*r**3 - 47*r**2 - 2*r - 33. What is t(6)?
-9
Let l(h) = 29*h + 263. Calculate l(-15).
-172
Let g(a) = -3*a - 109. What is g(-35)?
-4
Let t(o) = 107*o + 331. Calculate t(-3).
10
Let u(d) = 102*d + 9500. Give u(-93).
14
Let s(h) = 2*h + 12. Give s(-7).
-2
Let s(a) = 138*a + 9792. Calculate s(-70).
132
Let g(f) = -109*f + 447. Determine g(7).
-316
Let v(h) = h**3 + 27*h**2 + 172*h + 81. Determine v(-17).
47
Let t(a) = -5*a + 84. Determine t(-24).
204
Let y(r) = 234*r - 27. Calculate y(0).
-27
Let i(f) = -3*f**2 + 360*f - 3302. Determine i(110).
-2
Let c(p) = 7*p + 49. Give c(-9).
-14
Let t(b) = -20027*b - 20023. Determine t(-1).
4
Let r(t) = 107*t - 1568. Give r(14).
-70
Let i(h) = -9*h**2 + 1106*h - 973. Calculate i(122).
3
Let f(r) = -11864*r + 59326. What is f(5)?
6
Let p(o) = -o**3 + 53*o**2 - 9*o - 32. What is p(53)?
-509
Let c(j) = -j**3 - 4*j**2 + 30*j + 75. Determine c(-7).
12
Let p(n) = -5*n - 394. Determine p(7).
-429
Let q(m) = -m**3 - 4*m**2 - m + 18. What is q(-3)?
12
Let g(l) = l**3 + 93*l**2 - 193*l - 301. Give g(-95).
-16
Let f(l) = -19*l - 649. Determine f(14).
-915
Let d(x) = -x**2 + 41*x + 970. Calculate d(58).
-16
Let d(l) = -8*l**2 + 27*l - 24. Give d(9).
-429
Let y(z) = -82*z**2 - 414*z - 18. Determine y(-5).
2
Let s(l) = -l**3 - 140*l**2 - 83*l - 11591. What is s(-140)?
29
Let u(c) = 321*c + 9283. Determine u(-29).
-26
Let f(r) = 28*r + 331. Calculate f(-11).
23
Let z(k) = -54*k - 9. Give z(-2).
99
Let g(h) = -421*h**2 - 207*h - 1. What is g(-1)?
-215
Let x(o) = 39*o**3 + 7*o**2 + 8*o + 2. What is x(-2)?
-298
Let p(h) = -2*h**2 + 59*h - 481. Calculate p(16).
-49
Let m(d) = 99*d - 18. Calculate m(3).
279
Let p(m) = -m**2 + 128*m + 38736. What is p(-143)?
-17
Let m(f) = 23*f - 1119. Calculate m(50).
31
Let j(o) = 54*o**2 - 145*o - 305. Determine j(4).
-21
Let d(s) = 2*s**3 + s**2 - 6*s - 15. What is d(-2)?
-15
Let l(y) = 13*y**2 + 58*y + 27. Determine l(-4).
3
Let o(c) = -401*c + 108. Determine o(0).
108
Let h(i) = i**2 + 33*i - 3571. Determine h(45).
-61
Let b(q) = 2*q**3 - 59*q**2 + 95*q - 59. What is b(28)?
249
Let j(o) = 2892*o - 14479. What is j(5)?
-19
Let u(g) = 25*g**2 - 103*g + 11. Determine u(4).
-1
Let v(l) = -40*l**2 + 308*l - 20. Determine v(8).
-116
Let z(s) = 2*s**3 - 11*s**2 - s - 8. Determine z(6).
22
Let j(r) = 5*r**3 - 19*r**2 + r - 4. Determine j(4).
16
Let h(n) = -247*n**3 + 53*n**2 + 48*n - 5. What is h(-1)?
247
Let y(z) = -13*z + 9. What is y(14)?
-173
Let u(k) = k**3 - 33*k**2 - 50*k + 176. Determine u(34).
-368
Let l(m) = m**3 + 74*m**2 + 335*m - 666. Determine l(-69).
24
Let u(f) = -3*f**3 + 10*f**2 - 23*f + 29. What is u(2)?
-1
Let a(t) = 14057*t - 42161. What is a(3)?
10
Let n(b) = 3*b - 417. Give n(10).
-387
Let f(c) = -c**3 + 27*c**2 - 159*c - 219. Determine f(17).
-32
Let w(q) = -340*q**3 - 14*q**2 + 15*q. Calculate w(1).
-339
Let z(h) = h**2 + 37*h + 167. What is z(-7)?
-43
Let z(v) = -v**2 - v + 58. Determine z(9).
-32
Let k(r) = 5*r**2 + 9*r - 5. Give k(3).
67
Let o(f) = -2*f**2 + 193*f - 587. Calculate o(3).
-26
Let i(z) = z**2 - 103*z + 499. What is i(5)?
9
Let p(z) = -24*z + 357. What is p(15)?
-3
Let o(v) = -5*v**2 - 267*v - 235. Determine o(-51).
377
Let d(o) = -1651*o - 1648. What is d(-1)?
3
Let p(f) = 91*f - 271. Calculate p(3).
2
Let t(x) = 5*x**2 - 59*x - 11. What is t(15)?
229
Let p(q) = 81*q - 200. Give p(3).
43
Let c(s) = -759*s + 1630. Determine c(2).
112
Let h(z) = 5*z**3 + 33*z**2 - 15*z - 9. What is h(-7)?
-2
Let f(d) = 2*d**3 + 9*d**2 + 128*d + 667. Determine f(-5).
2
Let z(v) = -4*v**3 - 19*v**2 + 4*v - 7. Calculate z(-5).
-2
Let z(s) = -s**3 + 11*s**2 - 8*s + 149. Calculate z(11).
61
Let z(p) = p**3 + 17*p**2 - 27*p - 23. Give z(-19).
-232
Let u(h) = h**3 + 79*h**2 - 86*h - 490. Determine u(-80).
-10
Let h(z) = -z**2 - 288*z + 2359. Calculate h(8).
-9
Let z(m) = m**2 - 26*m - 388. Determine z(36).
-28
Let x(v) = 12*v**2 + 204*v - 483. What is x(-19)?
-27
Let i(p) = 3*p**2 - 8*p + 41. Give i(4).
57
Let v(f) = -f**2 - 29*f - 214. What is v(-19)?
-24
Let y(d) = d**2 - 892*d - 12693. Give y(-14).
-9
Let l(r) = -8*r**3 + 7*r**2 - 6*r - 16. What is l(-3)?
281
Let g(o) = 2*o**2 + 12*o - 98. What is g(-12)?
46
Let k(l) = -60*l**2 + 46*l + 96. Calculate k(-2).
-236
Let y(g) = 2*g**3 - 6*g**2 - 2*g - 7. Determine y(5).
83
Let p(j) = 94*j + 385. Calculate p(-4).
9
Let r(h) = -840*h - 838. What is r(-1)?
2
Let o(j) = -j**3 + 58*j**2 + 59*j + 26. Determine o(59).
26
Let i(d) = -19*d**3 + 59*d**2 + 24*d - 86. What is i(3)?
4
Let s(x) = -85*x - 887. Determine s(-9).
-122
Let s(x) = x**2 - 1810*x + 10824. Give s(6).
0
Let q(g) = -2*g - 74. What is q(-16)?
-42
Let m(n) = n**3 + 7*n**2 - 11*n + 6. Calculate m(-8).
30
Let t(q) = 4*q**2 + 5*q + 16. Give t(-7).
177
Let i(b) = 5*b**3 - 9*b**2 + 14*b + 12. What is i(2)?
44
Let l(k) = -3*k**3 + 34*k**2 + 18*k + 78. Determine l(12).
6
Let q(u) = u**3 - 5*u**2 - 62*u - 46. Give q(11).
-2
Let r(l) = -l**2 - 17*l + 260. Calculate r(-27).
-10
Let a(o) = o**3 - 7*o**2 - 4*o. Determine a(0).
0
Let b(u) = 15*u + 1154. Give b(-77).
-1
Let z(c) = -3*c**3 + 40*c**2 + 3*c + 344. Give z(14).
-6
Let w(m) = -2*m**3 + 29*m**2 + 26*m + 3. Give w(16).
-349
Let u(j) = -12*j**2 + 281*j + 163. What is u(24)?
-5
Let m(b) = -b**3 + 27*b**2 + 73*b - 2571. Calculate m(26).
3
Let k(c) = 3*c**2 + 40*c - 256. What is k(-18)?
-4
Let i(x) = -x**3 + 65*x**2 - 4*x + 216. Give i(65).
-44
Let n(h) = 2*h - 16. What is n(5)?
-6
Let g(y) = -293*y - 13776. Calculate g(-47).
-5
Let d(y) = 5*y**2 + 143*y + 80. What is d(-28)?
-4
Let y(c) = c**2 - 545*c + 23402. Determine y(47).
-4
Let q(v) = -2*v + 232. Determine q(0).
232
Let x(i) = -i**2 - 135*i - 5. Calculate x(0).
-5
Let a(o) = -51*o + 3315. What is a(65)?
0
Let o(u) = -80*u - 1446. What is o(-18)?
-6
Let z(c) = -c**3 + 38*c**2 + 2*c - 1423. Calculate z(37).
20
Let g(r) = -r**3 + 11*r**2 + 128*r - 1391. Give g(10).
-11
Let b(n) = 3*n**3 + 6*n - 772. What is b(0)?
-772
Let c(h) = 39*h - 398. Determine c(10).
-8
Let b(f) = 5*f**2 - 25*f - 125. Calculate b(8).
-5
Let x(h) = -h**3 + 52*h**2 - 88*h - 657. Calculate x(50).
-57
Let g(r) = 60*r + 73. What is g(-5)?
-227
Let c(w) = -w**3 - 9*w**2 + 15. What is c(-9)?
15
Let s(w) = -23*w + 10. Determine s(-6).
148
Let t(f) = 230*f - 160. Calculate t(1).
70
Let z(r) = -21363*r + 10. Give z(0).
10
Let c(n) = n**3 - 32*n**2 - 104*n - 34. What is c(35)?
1
Let t(w) = 2*w**3 + 15*w**2 + 2*w + 16. Give t(-7).
51
Let z(s) = 2533*s + 15213. What is z(-6)?
15
Let p(s) = -s**2 - 50*s + 2559. Calculate p(32).
-65
Let s(b) = -15*b - 75. Give s(-6).
15
Let d(x) = -x**2 + 22*x - 126. Give d(7).
-21
Let j(p) = p**3 + 87*p**2 + 7*p + 541. Calculate j(-87).
-68
Let v(o) = -17*o**2 + 16*o - 27. Determine v(-5).
-532
Let v(y) = y**3 - 41*y**2 + 182*y - 72. Give v(36).
0
Let m(z) = -z**3 + 27*z**2 + 135*z + 26. What is m(-4)?
-18
Let s(h) = 6*h - 176. Calculate s(41).
70
Let q(v) = 2*v**3 - 11*v**2 + v + 13. Give q(-5).
-51